{"id":1670,"date":"2019-05-14T22:16:56","date_gmt":"2019-05-14T20:16:56","guid":{"rendered":"http:\/\/apeimeudon.fr\/Site-APEI\/?page_id=1670"},"modified":"2026-01-01T17:19:45","modified_gmt":"2026-01-01T16:19:45","slug":"adhesion-don","status":"publish","type":"page","link":"http:\/\/apeimeudon.fr\/Site-APEI\/adhesion-don\/","title":{"rendered":"Adh\u00e9sion, Don"},"content":{"rendered":"\n<p><\/p>\n\n\n<p style=\"text-align: justify;\">Une association est repr\u00e9sentative qu&rsquo;au nombre d&rsquo;adh\u00e9rents qu&rsquo;elle compte dans ses rangs.<\/p>\n<p style=\"text-align: justify;\">Vous \u00eates sensible \u00e0 notre cause, vous vous souciez de l\u2019avenir des personnes handicap\u00e9es mentales :<\/p>\n<p style=\"text-align: center;\"><em><strong>Rejoignez-nous et aidez-nous \u00e0 poursuivre notre action !<\/strong><\/em><\/p>\n<p style=\"text-align: justify;\">Notre Association, du type loi 1901, est \u00e0 but non lucratif et regroupe des parents et amis de personnes handicap\u00e9es mentales.<\/p>\n<p style=\"text-align: justify;\">Elle est dirig\u00e9e par un Conseil d\u2019Administration compos\u00e9 de b\u00e9n\u00e9voles qui&nbsp;a pour but la d\u00e9fense des int\u00e9r\u00eats des personnes handicap\u00e9es mentales et de leur famille.<\/p>\n<p style=\"text-align: justify;\">Elle est affili\u00e9e \u00e0 l\u2019UNAPEI.<\/p>\n<h4 style=\"text-align: justify;\"><strong>Comment soutenir notre association ?<\/strong><\/h4>\n<p style=\"text-align: justify;\"><em><strong>Par une adh\u00e9sion par courrier :<\/strong><\/em><\/p>\n<p><a href=\"http:\/\/apeimeudon.fr\/Site-APEI\/wp-content\/uploads\/2026\/01\/Bulletin-dadhesion-2026.pdf\" target=\"_blank\" rel=\"noopener\"><img loading=\"lazy\" decoding=\"async\" class=\"aligncenter wp-image-1398 size-full\" src=\"http:\/\/apeimeudon.fr\/Site-APEI\/wp-content\/uploads\/2019\/01\/adobe-pdf-logo-e1547162945420.png\" alt=\"\" width=\"100\" height=\"100\"><\/a><\/p>\n<p style=\"text-align: center;\"><em>t\u00e9l\u00e9chargez le bulletin d&rsquo;adh\u00e9sion (format pdf)<\/em><\/p>\n<p><em><strong>Par une adh\u00e9sion en ligne :<\/strong><\/em><\/p>\n<p style=\"text-align: center;\"><a class=\"fasc-button fasc-size-medium fasc-type-popout fasc-rounded-medium ico-fa fasc-ico-before fa-eur\" style=\"background-color: #33809e; color: #ffffff;\" target=\"_blank\" rel=\"noopener\" href=\"https:\/\/www.helloasso.com\/associations\/apei-de-meudon\/adhesions\/adhesions-dons-2026\">Adh\u00e9rer en ligne<\/a><\/p>\n<p>Adh\u00e9rer c\u2019est :<\/p>\n<ul>\n<li style=\"list-style-type: none;\">\n<ul>\n<li style=\"text-align: justify;\">contribuer \u00e0 la r\u00e9ussite de nos actions,<\/li>\n<li><span style=\"text-align: justify;\">rejoindre d\u2019autres parents et renforcer notre mouvement,<\/span><\/li>\n<li>participer au vote de l\u2019Assembl\u00e9e G\u00e9n\u00e9rale et d\u00e9cider des orientations de notre Association,<\/li>\n<\/ul>\n<\/li>\n<\/ul>\n<p style=\"text-align: justify;\">Plus nous serons nombreux, plus nous aurons de poids pour d\u00e9fendre nos projets et l\u2019avenir des personnes que nous accompagnons !<\/p>\n<p style=\"text-align: justify;\">Notre cotisation reste inchang\u00e9e \u00e0 75 \u20ac (ou 25 \u20ac pour ceux d\u2019entre vous qui adh\u00e8rent \u00e0 une autre association affili\u00e9e \u00e0 l\u2019UNAPEI).<\/p>\n<p style=\"text-align: justify;\">Le montant de la cotisation est fix\u00e9 par un vote de l\u2019Assembl\u00e9e G\u00e9n\u00e9rale qui a lieu tous les ans.<\/p>\n<p style=\"text-align: justify;\"><em><strong>Par un don.<\/strong><\/em><\/p>\n<p style=\"text-align: justify;\">Vous contribuez \u00e0 concr\u00e9tiser les projets de l\u2019association et en particulier pour notre projet de Foyer d\u2019Accueil M\u00e9dicalis\u00e9 pour adulte avec autisme \u00e0 Meudon-la-For\u00eat<\/p>\n<p style=\"text-align: justify;\">Ce projet n\u00e9cessite des investissements importants. Nous avons besoin de votre participation pour soutenir notre action.<\/p>\n<p style=\"text-align: center;\"><a class=\"fasc-button fasc-size-medium fasc-type-popout fasc-rounded-medium ico-fa fasc-ico-before fa-eur\" style=\"background-color: #33809e; color: #ffffff;\" target=\"_blank\" rel=\"noopener\" href=\"https:\/\/www.helloasso.com\/associations\/apei-de-meudon\/formulaires\/4\/widget\">Faire un Don<\/a><\/p>\n<h3 style=\"text-align: justify;\"><span style=\"color: #ff0000;\">Important ! <\/span><\/h3>\n<p style=\"text-align: justify;\"><span style=\"color: #ff0000;\"><em><strong>Vos cotisations, comme vos dons,&nbsp;sont d\u00e9ductibles de votre imp\u00f4t sur le revenu \u00e0 hauteur de 66 %, dans la limite de 20 % de votre revenu imposable.<\/strong><\/em><\/span><\/p>\n<p style=\"text-align: justify;\">Par exemple, pour le montant de notre cotisation annuelle de 75\u20ac, votre d\u00e9pense r\u00e9elle ne sera que de 25,50\u20ac&nbsp; (49,50\u20ac seront d\u00e9duits de vos imp\u00f4ts).<br>Quant \u00e0 un don de 100\u20ac ne repr\u00e9sentera que de 34\u20ac puisque 66\u20ac seront d\u00e9duits de vos imp\u00f4ts.<\/p>\n<p style=\"text-align: justify;\"><em><strong>Dans le cas d&rsquo;une adh\u00e9sion comme lors d&rsquo;un don, nous vous adressons un re\u00e7u fiscal.<\/strong><\/em><\/p>\n<p>Nous vous remercions d\u2019avance pour votre soutien, indispensable pour la poursuite de notre action et de nos projets en faveur de nos enfants diff\u00e9rents.<\/p>\n<p>&nbsp;<\/p>","protected":false},"excerpt":{"rendered":"<p>Une association est repr\u00e9sentative qu&rsquo;au nombre d&rsquo;adh\u00e9rents qu&rsquo;elle compte dans ses rangs. Vous \u00eates sensible \u00e0 notre cause, vous vous souciez de l\u2019avenir des personnes handicap\u00e9es mentales : Rejoignez-nous et aidez-nous \u00e0 poursuivre notre action ! Notre Association, du type loi 1901, est \u00e0 but non lucratif et regroupe des parents et amis de personnes [&hellip;]<\/p>\n","protected":false},"author":1,"featured_media":0,"parent":0,"menu_order":0,"comment_status":"closed","ping_status":"closed","template":"","meta":{"_acf_changed":false,"ngg_post_thumbnail":0,"footnotes":""},"class_list":["post-1670","page","type-page","status-publish","hentry","post"],"acf":[],"yoast_head":"<!-- This site is optimized with the Yoast SEO plugin v27.1.1 - https:\/\/yoast.com\/product\/yoast-seo-wordpress\/ -->\n<title>Adh\u00e9sion, Don - Site de l&#039;APEI de Meudon<\/title>\n<meta name=\"robots\" content=\"index, follow, max-snippet:-1, max-image-preview:large, max-video-preview:-1\" \/>\n<link rel=\"canonical\" href=\"http:\/\/apeimeudon.fr\/Site-APEI\/adhesion-don\/\" \/>\n<meta property=\"og:locale\" content=\"fr_FR\" \/>\n<meta property=\"og:type\" content=\"article\" \/>\n<meta property=\"og:title\" content=\"Adh\u00e9sion, Don - Site de l&#039;APEI de Meudon\" \/>\n<meta property=\"og:description\" content=\"Une association est repr\u00e9sentative qu&rsquo;au nombre d&rsquo;adh\u00e9rents qu&rsquo;elle compte dans ses rangs. Vous \u00eates sensible \u00e0 notre cause, vous vous souciez de l\u2019avenir des personnes handicap\u00e9es mentales : Rejoignez-nous et aidez-nous \u00e0 poursuivre notre action ! Notre Association, du type loi 1901, est \u00e0 but non lucratif et regroupe des parents et amis de personnes [&hellip;]\" \/>\n<meta property=\"og:url\" content=\"http:\/\/apeimeudon.fr\/Site-APEI\/adhesion-don\/\" \/>\n<meta property=\"og:site_name\" content=\"Site de l&#039;APEI de Meudon\" \/>\n<meta property=\"article:modified_time\" content=\"2026-01-01T16:19:45+00:00\" \/>\n<meta property=\"og:image\" content=\"http:\/\/apeimeudon.fr\/Site-APEI\/wp-content\/uploads\/2019\/01\/adobe-pdf-logo-e1547162945420.png\" \/>\n<meta name=\"twitter:card\" content=\"summary_large_image\" \/>\n<meta name=\"twitter:label1\" content=\"Dur\u00e9e de lecture estim\u00e9e\" \/>\n\t<meta name=\"twitter:data1\" content=\"3 minutes\" \/>\n<script type=\"application\/ld+json\" class=\"yoast-schema-graph\">{\"@context\":\"https:\/\/schema.org\",\"@graph\":[{\"@type\":\"WebPage\",\"@id\":\"http:\/\/apeimeudon.fr\/Site-APEI\/adhesion-don\/\",\"url\":\"http:\/\/apeimeudon.fr\/Site-APEI\/adhesion-don\/\",\"name\":\"Adh\u00e9sion, Don - Site de l&#039;APEI de Meudon\",\"isPartOf\":{\"@id\":\"https:\/\/apeimeudon.fr\/Site-APEI\/#website\"},\"primaryImageOfPage\":{\"@id\":\"http:\/\/apeimeudon.fr\/Site-APEI\/adhesion-don\/#primaryimage\"},\"image\":{\"@id\":\"http:\/\/apeimeudon.fr\/Site-APEI\/adhesion-don\/#primaryimage\"},\"thumbnailUrl\":\"http:\/\/apeimeudon.fr\/Site-APEI\/wp-content\/uploads\/2019\/01\/adobe-pdf-logo-e1547162945420.png\",\"datePublished\":\"2019-05-14T20:16:56+00:00\",\"dateModified\":\"2026-01-01T16:19:45+00:00\",\"breadcrumb\":{\"@id\":\"http:\/\/apeimeudon.fr\/Site-APEI\/adhesion-don\/#breadcrumb\"},\"inLanguage\":\"fr-FR\",\"potentialAction\":[{\"@type\":\"ReadAction\",\"target\":[\"http:\/\/apeimeudon.fr\/Site-APEI\/adhesion-don\/\"]}]},{\"@type\":\"ImageObject\",\"inLanguage\":\"fr-FR\",\"@id\":\"http:\/\/apeimeudon.fr\/Site-APEI\/adhesion-don\/#primaryimage\",\"url\":\"http:\/\/apeimeudon.fr\/Site-APEI\/wp-content\/uploads\/2019\/01\/adobe-pdf-logo-e1547162945420.png\",\"contentUrl\":\"http:\/\/apeimeudon.fr\/Site-APEI\/wp-content\/uploads\/2019\/01\/adobe-pdf-logo-e1547162945420.png\",\"width\":100,\"height\":100},{\"@type\":\"BreadcrumbList\",\"@id\":\"http:\/\/apeimeudon.fr\/Site-APEI\/adhesion-don\/#breadcrumb\",\"itemListElement\":[{\"@type\":\"ListItem\",\"position\":1,\"name\":\"Accueil\",\"item\":\"https:\/\/apeimeudon.fr\/Site-APEI\/\"},{\"@type\":\"ListItem\",\"position\":2,\"name\":\"Adh\u00e9sion, Don\"}]},{\"@type\":\"WebSite\",\"@id\":\"https:\/\/apeimeudon.fr\/Site-APEI\/#website\",\"url\":\"https:\/\/apeimeudon.fr\/Site-APEI\/\",\"name\":\"Site de l&#039;APEI de Meudon\",\"description\":\"Association de Parents d\u2019Enfants Handicap\u00e9s Mentaux de Meudon\",\"publisher\":{\"@id\":\"https:\/\/apeimeudon.fr\/Site-APEI\/#organization\"},\"potentialAction\":[{\"@type\":\"SearchAction\",\"target\":{\"@type\":\"EntryPoint\",\"urlTemplate\":\"https:\/\/apeimeudon.fr\/Site-APEI\/?s={search_term_string}\"},\"query-input\":{\"@type\":\"PropertyValueSpecification\",\"valueRequired\":true,\"valueName\":\"search_term_string\"}}],\"inLanguage\":\"fr-FR\"},{\"@type\":\"Organization\",\"@id\":\"https:\/\/apeimeudon.fr\/Site-APEI\/#organization\",\"name\":\"APEI de Meudon\",\"url\":\"https:\/\/apeimeudon.fr\/Site-APEI\/\",\"logo\":{\"@type\":\"ImageObject\",\"inLanguage\":\"fr-FR\",\"@id\":\"https:\/\/apeimeudon.fr\/Site-APEI\/#\/schema\/logo\/image\/\",\"url\":\"https:\/\/apeimeudon.fr\/Site-APEI\/wp-content\/uploads\/2016\/05\/Grand-logo-apei-1.png\",\"contentUrl\":\"https:\/\/apeimeudon.fr\/Site-APEI\/wp-content\/uploads\/2016\/05\/Grand-logo-apei-1.png\",\"width\":840,\"height\":120,\"caption\":\"APEI de Meudon\"},\"image\":{\"@id\":\"https:\/\/apeimeudon.fr\/Site-APEI\/#\/schema\/logo\/image\/\"}}]}<\/script>\n<!-- \/ Yoast SEO plugin. -->","yoast_head_json":{"title":"Adh\u00e9sion, Don - Site de l&#039;APEI de Meudon","robots":{"index":"index","follow":"follow","max-snippet":"max-snippet:-1","max-image-preview":"max-image-preview:large","max-video-preview":"max-video-preview:-1"},"canonical":"http:\/\/apeimeudon.fr\/Site-APEI\/adhesion-don\/","og_locale":"fr_FR","og_type":"article","og_title":"Adh\u00e9sion, Don - Site de l&#039;APEI de Meudon","og_description":"Une association est repr\u00e9sentative qu&rsquo;au nombre d&rsquo;adh\u00e9rents qu&rsquo;elle compte dans ses rangs. Vous \u00eates sensible \u00e0 notre cause, vous vous souciez de l\u2019avenir des personnes handicap\u00e9es mentales : Rejoignez-nous et aidez-nous \u00e0 poursuivre notre action ! Notre Association, du type loi 1901, est \u00e0 but non lucratif et regroupe des parents et amis de personnes [&hellip;]","og_url":"http:\/\/apeimeudon.fr\/Site-APEI\/adhesion-don\/","og_site_name":"Site de l&#039;APEI de Meudon","article_modified_time":"2026-01-01T16:19:45+00:00","og_image":[{"url":"http:\/\/apeimeudon.fr\/Site-APEI\/wp-content\/uploads\/2019\/01\/adobe-pdf-logo-e1547162945420.png","type":"","width":"","height":""}],"twitter_card":"summary_large_image","twitter_misc":{"Dur\u00e9e de lecture estim\u00e9e":"3 minutes"},"schema":{"@context":"https:\/\/schema.org","@graph":[{"@type":"WebPage","@id":"http:\/\/apeimeudon.fr\/Site-APEI\/adhesion-don\/","url":"http:\/\/apeimeudon.fr\/Site-APEI\/adhesion-don\/","name":"Adh\u00e9sion, Don - Site de l&#039;APEI de Meudon","isPartOf":{"@id":"https:\/\/apeimeudon.fr\/Site-APEI\/#website"},"primaryImageOfPage":{"@id":"http:\/\/apeimeudon.fr\/Site-APEI\/adhesion-don\/#primaryimage"},"image":{"@id":"http:\/\/apeimeudon.fr\/Site-APEI\/adhesion-don\/#primaryimage"},"thumbnailUrl":"http:\/\/apeimeudon.fr\/Site-APEI\/wp-content\/uploads\/2019\/01\/adobe-pdf-logo-e1547162945420.png","datePublished":"2019-05-14T20:16:56+00:00","dateModified":"2026-01-01T16:19:45+00:00","breadcrumb":{"@id":"http:\/\/apeimeudon.fr\/Site-APEI\/adhesion-don\/#breadcrumb"},"inLanguage":"fr-FR","potentialAction":[{"@type":"ReadAction","target":["http:\/\/apeimeudon.fr\/Site-APEI\/adhesion-don\/"]}]},{"@type":"ImageObject","inLanguage":"fr-FR","@id":"http:\/\/apeimeudon.fr\/Site-APEI\/adhesion-don\/#primaryimage","url":"http:\/\/apeimeudon.fr\/Site-APEI\/wp-content\/uploads\/2019\/01\/adobe-pdf-logo-e1547162945420.png","contentUrl":"http:\/\/apeimeudon.fr\/Site-APEI\/wp-content\/uploads\/2019\/01\/adobe-pdf-logo-e1547162945420.png","width":100,"height":100},{"@type":"BreadcrumbList","@id":"http:\/\/apeimeudon.fr\/Site-APEI\/adhesion-don\/#breadcrumb","itemListElement":[{"@type":"ListItem","position":1,"name":"Accueil","item":"https:\/\/apeimeudon.fr\/Site-APEI\/"},{"@type":"ListItem","position":2,"name":"Adh\u00e9sion, Don"}]},{"@type":"WebSite","@id":"https:\/\/apeimeudon.fr\/Site-APEI\/#website","url":"https:\/\/apeimeudon.fr\/Site-APEI\/","name":"Site de l&#039;APEI de Meudon","description":"Association de Parents d\u2019Enfants Handicap\u00e9s Mentaux de Meudon","publisher":{"@id":"https:\/\/apeimeudon.fr\/Site-APEI\/#organization"},"potentialAction":[{"@type":"SearchAction","target":{"@type":"EntryPoint","urlTemplate":"https:\/\/apeimeudon.fr\/Site-APEI\/?s={search_term_string}"},"query-input":{"@type":"PropertyValueSpecification","valueRequired":true,"valueName":"search_term_string"}}],"inLanguage":"fr-FR"},{"@type":"Organization","@id":"https:\/\/apeimeudon.fr\/Site-APEI\/#organization","name":"APEI de Meudon","url":"https:\/\/apeimeudon.fr\/Site-APEI\/","logo":{"@type":"ImageObject","inLanguage":"fr-FR","@id":"https:\/\/apeimeudon.fr\/Site-APEI\/#\/schema\/logo\/image\/","url":"https:\/\/apeimeudon.fr\/Site-APEI\/wp-content\/uploads\/2016\/05\/Grand-logo-apei-1.png","contentUrl":"https:\/\/apeimeudon.fr\/Site-APEI\/wp-content\/uploads\/2016\/05\/Grand-logo-apei-1.png","width":840,"height":120,"caption":"APEI de Meudon"},"image":{"@id":"https:\/\/apeimeudon.fr\/Site-APEI\/#\/schema\/logo\/image\/"}}]}},"_links":{"self":[{"href":"http:\/\/apeimeudon.fr\/Site-APEI\/wp-json\/wp\/v2\/pages\/1670","targetHints":{"allow":["GET"]}}],"collection":[{"href":"http:\/\/apeimeudon.fr\/Site-APEI\/wp-json\/wp\/v2\/pages"}],"about":[{"href":"http:\/\/apeimeudon.fr\/Site-APEI\/wp-json\/wp\/v2\/types\/page"}],"author":[{"embeddable":true,"href":"http:\/\/apeimeudon.fr\/Site-APEI\/wp-json\/wp\/v2\/users\/1"}],"replies":[{"embeddable":true,"href":"http:\/\/apeimeudon.fr\/Site-APEI\/wp-json\/wp\/v2\/comments?post=1670"}],"version-history":[{"count":48,"href":"http:\/\/apeimeudon.fr\/Site-APEI\/wp-json\/wp\/v2\/pages\/1670\/revisions"}],"predecessor-version":[{"id":3283,"href":"http:\/\/apeimeudon.fr\/Site-APEI\/wp-json\/wp\/v2\/pages\/1670\/revisions\/3283"}],"wp:attachment":[{"href":"http:\/\/apeimeudon.fr\/Site-APEI\/wp-json\/wp\/v2\/media?parent=1670"}],"curies":[{"name":"wp","href":"https:\/\/api.w.org\/{rel}","templated":true}]}}