{"id":189,"date":"2015-09-29T15:05:15","date_gmt":"2015-09-29T14:05:15","guid":{"rendered":"http:\/\/apeimeudon.fr\/Site-APEI\/?page_id=189"},"modified":"2017-03-27T16:00:18","modified_gmt":"2017-03-27T14:00:18","slug":"historique","status":"publish","type":"page","link":"http:\/\/apeimeudon.fr\/Site-APEI\/lassociation-2\/historique\/","title":{"rendered":"Historique"},"content":{"rendered":"<div id=\"pl-189\"  class=\"panel-layout\" ><div id=\"pg-189-0\"  class=\"panel-grid panel-no-style\" ><div id=\"pgc-189-0-0\"  class=\"panel-grid-cell\" ><div id=\"panel-189-0-0-0\" class=\"so-panel widget widget_black-studio-tinymce widget_black_studio_tinymce panel-first-child panel-last-child\" data-index=\"0\" ><div class=\"textwidget\"><p style=\"text-align: justify;\">L\u2019APEI de Meudon (Association des amis et parents de personnes handicap\u00e9es mentales) a \u00e9t\u00e9 cr\u00e9\u00e9e en 1971, \u00e0 l\u2019initiative de parents d\u2019enfants handicap\u00e9s mentaux de Meudon avec l\u2019appui du maire de l\u2019\u00e9poque, Monsieur Gilbert GAUER, et du maire-adjoint charg\u00e9 des affaires sociales.<\/p>\n<p style=\"text-align: justify;\">Les objectifs premiers s'orientaient autour des activit\u00e9s et des loisirs de leurs enfants.<\/p>\n<p style=\"text-align: justify;\">Dans un second temps l'association a \u00e9prouv\u00e9 le besoin de cr\u00e9er des foyers d'h\u00e9bergement pour assurer l'avenir de leurs enfants.<\/p>\n<p style=\"text-align: justify;\">A pr\u00e9sent, l'APEI de Meudon g\u00e8re 4 foyers :<\/p>\n<ul style=\"text-align: justify;\">\n<li>le foyer d'h\u00e9bergement des Lampes,<\/li>\n<li>le foyer d'h\u00e9bergement de Fleury,<\/li>\n<li>le foyer int\u00e9gr\u00e9 Georges Hourdin,<\/li>\n<li>le foyer de vie des Bords de Seine.<\/li>\n<\/ul>\n<p style=\"text-align: justify;\">L\u2019APEI est elle- m\u00eame adh\u00e9rente \u00e0 l\u2019UNAPEI (Association nationale reconnue d\u2019utilit\u00e9 publique) et participe aussi \u00e0 ses structures r\u00e9gionales (URAPEI) et d\u00e9partementales (ADAPEI).<\/p>\n<p style=\"text-align: justify;\">L'APEI de Meudon est f\u00e9d\u00e9r\u00e9e avec les autres associations dans l\u2019ADAPEI des Hauts de Seine.<\/p>\n<p style=\"text-align: justify;\">L\u2019association r\u00e9unit actuellement 130 adh\u00e9rents.<\/p>\n<p style=\"text-align: justify;\">L'association a pour but :<\/p>\n<ul>\n<li style=\"text-align: justify;\">Aider les familles.<\/li>\n<li style=\"text-align: justify;\">Cr\u00e9er et g\u00e9rer des \u00e9tablissements.<\/li>\n<li style=\"text-align: justify;\">Organiser des activit\u00e9s de loisirs en int\u00e9gration ou adapt\u00e9s.<\/li>\n<\/ul>\n<p>\u00a0<\/p>\n<\/div><\/div><\/div><\/div><\/div>","protected":false},"excerpt":{"rendered":"<p>L\u2019APEI de Meudon (Association des amis et parents de personnes handicap\u00e9es mentales) a \u00e9t\u00e9 cr\u00e9\u00e9e en 1971, \u00e0 l\u2019initiative de parents d\u2019enfants handicap\u00e9s mentaux de Meudon avec l\u2019appui du maire de l\u2019\u00e9poque, Monsieur Gilbert GAUER, et du maire-adjoint charg\u00e9 des affaires sociales.Les objectifs premiers s&rsquo;orientaient autour des activit\u00e9s et des loisirs de leurs enfants.Dans un [&hellip;]<\/p>\n","protected":false},"author":1,"featured_media":0,"parent":222,"menu_order":0,"comment_status":"closed","ping_status":"closed","template":"","meta":{"_acf_changed":false,"ngg_post_thumbnail":0,"footnotes":""},"class_list":["post-189","page","type-page","status-publish","hentry","post"],"acf":[],"yoast_head":"<!-- This site is optimized with the Yoast SEO plugin v27.1.1 - https:\/\/yoast.com\/product\/yoast-seo-wordpress\/ -->\n<title>Historique - Site de l&#039;APEI de Meudon<\/title>\n<meta name=\"robots\" content=\"index, follow, max-snippet:-1, max-image-preview:large, max-video-preview:-1\" \/>\n<link rel=\"canonical\" href=\"https:\/\/apeimeudon.fr\/Site-APEI\/lassociation-2\/historique\/\" \/>\n<meta property=\"og:locale\" content=\"fr_FR\" \/>\n<meta property=\"og:type\" content=\"article\" \/>\n<meta property=\"og:title\" content=\"Historique - Site de l&#039;APEI de Meudon\" \/>\n<meta property=\"og:description\" content=\"L\u2019APEI de Meudon (Association des amis et parents de personnes handicap\u00e9es mentales) a \u00e9t\u00e9 cr\u00e9\u00e9e en 1971, \u00e0 l\u2019initiative de parents d\u2019enfants handicap\u00e9s mentaux de Meudon avec l\u2019appui du maire de l\u2019\u00e9poque, Monsieur Gilbert GAUER, et du maire-adjoint charg\u00e9 des affaires sociales.Les objectifs premiers s&#039;orientaient autour des activit\u00e9s et des loisirs de leurs enfants.Dans un [&hellip;]\" \/>\n<meta property=\"og:url\" content=\"https:\/\/apeimeudon.fr\/Site-APEI\/lassociation-2\/historique\/\" \/>\n<meta property=\"og:site_name\" content=\"Site de l&#039;APEI de Meudon\" \/>\n<meta property=\"article:modified_time\" content=\"2017-03-27T14:00:18+00:00\" \/>\n<meta name=\"twitter:card\" content=\"summary_large_image\" \/>\n<meta name=\"twitter:label1\" content=\"Dur\u00e9e de lecture estim\u00e9e\" \/>\n\t<meta name=\"twitter:data1\" content=\"1 minute\" \/>\n<script type=\"application\/ld+json\" class=\"yoast-schema-graph\">{\"@context\":\"https:\/\/schema.org\",\"@graph\":[{\"@type\":\"WebPage\",\"@id\":\"https:\/\/apeimeudon.fr\/Site-APEI\/lassociation-2\/historique\/\",\"url\":\"https:\/\/apeimeudon.fr\/Site-APEI\/lassociation-2\/historique\/\",\"name\":\"Historique - Site de l&#039;APEI de Meudon\",\"isPartOf\":{\"@id\":\"https:\/\/apeimeudon.fr\/Site-APEI\/#website\"},\"datePublished\":\"2015-09-29T14:05:15+00:00\",\"dateModified\":\"2017-03-27T14:00:18+00:00\",\"breadcrumb\":{\"@id\":\"https:\/\/apeimeudon.fr\/Site-APEI\/lassociation-2\/historique\/#breadcrumb\"},\"inLanguage\":\"fr-FR\",\"potentialAction\":[{\"@type\":\"ReadAction\",\"target\":[\"https:\/\/apeimeudon.fr\/Site-APEI\/lassociation-2\/historique\/\"]}]},{\"@type\":\"BreadcrumbList\",\"@id\":\"https:\/\/apeimeudon.fr\/Site-APEI\/lassociation-2\/historique\/#breadcrumb\",\"itemListElement\":[{\"@type\":\"ListItem\",\"position\":1,\"name\":\"Accueil\",\"item\":\"https:\/\/apeimeudon.fr\/Site-APEI\/\"},{\"@type\":\"ListItem\",\"position\":2,\"name\":\"L&rsquo;association APEI de Meudon\",\"item\":\"https:\/\/apeimeudon.fr\/Site-APEI\/lassociation-2\/\"},{\"@type\":\"ListItem\",\"position\":3,\"name\":\"Historique\"}]},{\"@type\":\"WebSite\",\"@id\":\"https:\/\/apeimeudon.fr\/Site-APEI\/#website\",\"url\":\"https:\/\/apeimeudon.fr\/Site-APEI\/\",\"name\":\"Site de l&#039;APEI de Meudon\",\"description\":\"Association de Parents d\u2019Enfants Handicap\u00e9s Mentaux de Meudon\",\"publisher\":{\"@id\":\"https:\/\/apeimeudon.fr\/Site-APEI\/#organization\"},\"potentialAction\":[{\"@type\":\"SearchAction\",\"target\":{\"@type\":\"EntryPoint\",\"urlTemplate\":\"https:\/\/apeimeudon.fr\/Site-APEI\/?s={search_term_string}\"},\"query-input\":{\"@type\":\"PropertyValueSpecification\",\"valueRequired\":true,\"valueName\":\"search_term_string\"}}],\"inLanguage\":\"fr-FR\"},{\"@type\":\"Organization\",\"@id\":\"https:\/\/apeimeudon.fr\/Site-APEI\/#organization\",\"name\":\"APEI de Meudon\",\"url\":\"https:\/\/apeimeudon.fr\/Site-APEI\/\",\"logo\":{\"@type\":\"ImageObject\",\"inLanguage\":\"fr-FR\",\"@id\":\"https:\/\/apeimeudon.fr\/Site-APEI\/#\/schema\/logo\/image\/\",\"url\":\"https:\/\/apeimeudon.fr\/Site-APEI\/wp-content\/uploads\/2016\/05\/Grand-logo-apei-1.png\",\"contentUrl\":\"https:\/\/apeimeudon.fr\/Site-APEI\/wp-content\/uploads\/2016\/05\/Grand-logo-apei-1.png\",\"width\":840,\"height\":120,\"caption\":\"APEI de Meudon\"},\"image\":{\"@id\":\"https:\/\/apeimeudon.fr\/Site-APEI\/#\/schema\/logo\/image\/\"}}]}<\/script>\n<!-- \/ Yoast SEO plugin. -->","yoast_head_json":{"title":"Historique - Site de l&#039;APEI de Meudon","robots":{"index":"index","follow":"follow","max-snippet":"max-snippet:-1","max-image-preview":"max-image-preview:large","max-video-preview":"max-video-preview:-1"},"canonical":"https:\/\/apeimeudon.fr\/Site-APEI\/lassociation-2\/historique\/","og_locale":"fr_FR","og_type":"article","og_title":"Historique - Site de l&#039;APEI de Meudon","og_description":"L\u2019APEI de Meudon (Association des amis et parents de personnes handicap\u00e9es mentales) a \u00e9t\u00e9 cr\u00e9\u00e9e en 1971, \u00e0 l\u2019initiative de parents d\u2019enfants handicap\u00e9s mentaux de Meudon avec l\u2019appui du maire de l\u2019\u00e9poque, Monsieur Gilbert GAUER, et du maire-adjoint charg\u00e9 des affaires sociales.Les objectifs premiers s'orientaient autour des activit\u00e9s et des loisirs de leurs enfants.Dans un [&hellip;]","og_url":"https:\/\/apeimeudon.fr\/Site-APEI\/lassociation-2\/historique\/","og_site_name":"Site de l&#039;APEI de Meudon","article_modified_time":"2017-03-27T14:00:18+00:00","twitter_card":"summary_large_image","twitter_misc":{"Dur\u00e9e de lecture estim\u00e9e":"1 minute"},"schema":{"@context":"https:\/\/schema.org","@graph":[{"@type":"WebPage","@id":"https:\/\/apeimeudon.fr\/Site-APEI\/lassociation-2\/historique\/","url":"https:\/\/apeimeudon.fr\/Site-APEI\/lassociation-2\/historique\/","name":"Historique - Site de l&#039;APEI de Meudon","isPartOf":{"@id":"https:\/\/apeimeudon.fr\/Site-APEI\/#website"},"datePublished":"2015-09-29T14:05:15+00:00","dateModified":"2017-03-27T14:00:18+00:00","breadcrumb":{"@id":"https:\/\/apeimeudon.fr\/Site-APEI\/lassociation-2\/historique\/#breadcrumb"},"inLanguage":"fr-FR","potentialAction":[{"@type":"ReadAction","target":["https:\/\/apeimeudon.fr\/Site-APEI\/lassociation-2\/historique\/"]}]},{"@type":"BreadcrumbList","@id":"https:\/\/apeimeudon.fr\/Site-APEI\/lassociation-2\/historique\/#breadcrumb","itemListElement":[{"@type":"ListItem","position":1,"name":"Accueil","item":"https:\/\/apeimeudon.fr\/Site-APEI\/"},{"@type":"ListItem","position":2,"name":"L&rsquo;association APEI de Meudon","item":"https:\/\/apeimeudon.fr\/Site-APEI\/lassociation-2\/"},{"@type":"ListItem","position":3,"name":"Historique"}]},{"@type":"WebSite","@id":"https:\/\/apeimeudon.fr\/Site-APEI\/#website","url":"https:\/\/apeimeudon.fr\/Site-APEI\/","name":"Site de l&#039;APEI de Meudon","description":"Association de Parents d\u2019Enfants Handicap\u00e9s Mentaux de Meudon","publisher":{"@id":"https:\/\/apeimeudon.fr\/Site-APEI\/#organization"},"potentialAction":[{"@type":"SearchAction","target":{"@type":"EntryPoint","urlTemplate":"https:\/\/apeimeudon.fr\/Site-APEI\/?s={search_term_string}"},"query-input":{"@type":"PropertyValueSpecification","valueRequired":true,"valueName":"search_term_string"}}],"inLanguage":"fr-FR"},{"@type":"Organization","@id":"https:\/\/apeimeudon.fr\/Site-APEI\/#organization","name":"APEI de Meudon","url":"https:\/\/apeimeudon.fr\/Site-APEI\/","logo":{"@type":"ImageObject","inLanguage":"fr-FR","@id":"https:\/\/apeimeudon.fr\/Site-APEI\/#\/schema\/logo\/image\/","url":"https:\/\/apeimeudon.fr\/Site-APEI\/wp-content\/uploads\/2016\/05\/Grand-logo-apei-1.png","contentUrl":"https:\/\/apeimeudon.fr\/Site-APEI\/wp-content\/uploads\/2016\/05\/Grand-logo-apei-1.png","width":840,"height":120,"caption":"APEI de Meudon"},"image":{"@id":"https:\/\/apeimeudon.fr\/Site-APEI\/#\/schema\/logo\/image\/"}}]}},"_links":{"self":[{"href":"http:\/\/apeimeudon.fr\/Site-APEI\/wp-json\/wp\/v2\/pages\/189","targetHints":{"allow":["GET"]}}],"collection":[{"href":"http:\/\/apeimeudon.fr\/Site-APEI\/wp-json\/wp\/v2\/pages"}],"about":[{"href":"http:\/\/apeimeudon.fr\/Site-APEI\/wp-json\/wp\/v2\/types\/page"}],"author":[{"embeddable":true,"href":"http:\/\/apeimeudon.fr\/Site-APEI\/wp-json\/wp\/v2\/users\/1"}],"replies":[{"embeddable":true,"href":"http:\/\/apeimeudon.fr\/Site-APEI\/wp-json\/wp\/v2\/comments?post=189"}],"version-history":[{"count":9,"href":"http:\/\/apeimeudon.fr\/Site-APEI\/wp-json\/wp\/v2\/pages\/189\/revisions"}],"predecessor-version":[{"id":681,"href":"http:\/\/apeimeudon.fr\/Site-APEI\/wp-json\/wp\/v2\/pages\/189\/revisions\/681"}],"up":[{"embeddable":true,"href":"http:\/\/apeimeudon.fr\/Site-APEI\/wp-json\/wp\/v2\/pages\/222"}],"wp:attachment":[{"href":"http:\/\/apeimeudon.fr\/Site-APEI\/wp-json\/wp\/v2\/media?parent=189"}],"curies":[{"name":"wp","href":"https:\/\/api.w.org\/{rel}","templated":true}]}}

<div id="pl-189"  class="panel-layout" ><div id="pg-189-0"  class="panel-grid panel-no-style" ><div id="pgc-189-0-0"  class="panel-grid-cell" ><div id="panel-189-0-0-0" class="so-panel widget widget_black-studio-tinymce widget_black_studio_tinymce panel-first-child panel-last-child" data-index="0" ><div class="textwidget"><p style="text-align: justify;">L’APEI de Meudon (Association des amis et parents de personnes handicapées mentales) a été créée en 1971, à l’initiative de parents d’enfants handicapés mentaux de Meudon avec l’appui du maire de l’époque, Monsieur Gilbert GAUER, et du maire-adjoint chargé des affaires sociales.</p>
<p style="text-align: justify;">Les objectifs premiers s'orientaient autour des activités et des loisirs de leurs enfants.</p>
<p style="text-align: justify;">Dans un second temps l'association a éprouvé le besoin de créer des foyers d'hébergement pour assurer l'avenir de leurs enfants.</p>
<p style="text-align: justify;">A présent, l'APEI de Meudon gère 4 foyers :</p>
<ul style="text-align: justify;">
<li>le foyer d'hébergement des Lampes,</li>
<li>le foyer d'hébergement de Fleury,</li>
<li>le foyer intégré Georges Hourdin,</li>
<li>le foyer de vie des Bords de Seine.</li>
</ul>
<p style="text-align: justify;">L’APEI est elle- même adhérente à l’UNAPEI (Association nationale reconnue d’utilité publique) et participe aussi à ses structures régionales (URAPEI) et départementales (ADAPEI).</p>
<p style="text-align: justify;">L'APEI de Meudon est fédérée avec les autres associations dans l’ADAPEI des Hauts de Seine.</p>
<p style="text-align: justify;">L’association réunit actuellement 130 adhérents.</p>
<p style="text-align: justify;">L'association a pour but :</p>
<ul>
<li style="text-align: justify;">Aider les familles.</li>
<li style="text-align: justify;">Créer et gérer des établissements.</li>
<li style="text-align: justify;">Organiser des activités de loisirs en intégration ou adaptés.</li>
</ul>
<p> </p>
</div></div></div></div></div>

<p>L’APEI de Meudon (Association des amis et parents de personnes handicapées mentales) a été créée en 1971, à l’initiative de parents d’enfants handicapés mentaux de Meudon avec l’appui du maire de l’époque, Monsieur Gilbert GAUER, et du maire-adjoint chargé des affaires sociales.Les objectifs premiers s&rsquo;orientaient autour des activités et des loisirs de leurs enfants.Dans un [&hellip;]</p>

<!-- This site is optimized with the Yoast SEO plugin v27.1.1 - https://yoast.com/product/yoast-seo-wordpress/ -->
<title>Historique - Site de l&#039;APEI de Meudon</title>
<meta name="robots" content="index, follow, max-snippet:-1, max-image-preview:large, max-video-preview:-1" />
<link rel="canonical" href="https://apeimeudon.fr/Site-APEI/lassociation-2/historique/" />
<meta property="og:locale" content="fr_FR" />
<meta property="og:type" content="article" />
<meta property="og:title" content="Historique - Site de l&#039;APEI de Meudon" />
<meta property="og:description" content="L’APEI de Meudon (Association des amis et parents de personnes handicapées mentales) a été créée en 1971, à l’initiative de parents d’enfants handicapés mentaux de Meudon avec l’appui du maire de l’époque, Monsieur Gilbert GAUER, et du maire-adjoint chargé des affaires sociales.Les objectifs premiers s&#039;orientaient autour des activités et des loisirs de leurs enfants.Dans un [&hellip;]" />
<meta property="og:url" content="https://apeimeudon.fr/Site-APEI/lassociation-2/historique/" />
<meta property="og:site_name" content="Site de l&#039;APEI de Meudon" />
<meta property="article:modified_time" content="2017-03-27T14:00:18+00:00" />
<meta name="twitter:card" content="summary_large_image" />
<meta name="twitter:label1" content="Durée de lecture estimée" />
	<meta name="twitter:data1" content="1 minute" />
<script type="application/ld+json" class="yoast-schema-graph">{"@context":"https://schema.org","@graph":[{"@type":"WebPage","@id":"https://apeimeudon.fr/Site-APEI/lassociation-2/historique/","url":"https://apeimeudon.fr/Site-APEI/lassociation-2/historique/","name":"Historique - Site de l&#039;APEI de Meudon","isPartOf":{"@id":"https://apeimeudon.fr/Site-APEI/#website"},"datePublished":"2015-09-29T14:05:15+00:00","dateModified":"2017-03-27T14:00:18+00:00","breadcrumb":{"@id":"https://apeimeudon.fr/Site-APEI/lassociation-2/historique/#breadcrumb"},"inLanguage":"fr-FR","potentialAction":[{"@type":"ReadAction","target":["https://apeimeudon.fr/Site-APEI/lassociation-2/historique/"]}]},{"@type":"BreadcrumbList","@id":"https://apeimeudon.fr/Site-APEI/lassociation-2/historique/#breadcrumb","itemListElement":[{"@type":"ListItem","position":1,"name":"Accueil","item":"https://apeimeudon.fr/Site-APEI/"},{"@type":"ListItem","position":2,"name":"L&rsquo;association APEI de Meudon","item":"https://apeimeudon.fr/Site-APEI/lassociation-2/"},{"@type":"ListItem","position":3,"name":"Historique"}]},{"@type":"WebSite","@id":"https://apeimeudon.fr/Site-APEI/#website","url":"https://apeimeudon.fr/Site-APEI/","name":"Site de l&#039;APEI de Meudon","description":"Association de Parents d’Enfants Handicapés Mentaux de Meudon","publisher":{"@id":"https://apeimeudon.fr/Site-APEI/#organization"},"potentialAction":[{"@type":"SearchAction","target":{"@type":"EntryPoint","urlTemplate":"https://apeimeudon.fr/Site-APEI/?s={search_term_string}"},"query-input":{"@type":"PropertyValueSpecification","valueRequired":true,"valueName":"search_term_string"}}],"inLanguage":"fr-FR"},{"@type":"Organization","@id":"https://apeimeudon.fr/Site-APEI/#organization","name":"APEI de Meudon","url":"https://apeimeudon.fr/Site-APEI/","logo":{"@type":"ImageObject","inLanguage":"fr-FR","@id":"https://apeimeudon.fr/Site-APEI/#/schema/logo/image/","url":"https://apeimeudon.fr/Site-APEI/wp-content/uploads/2016/05/Grand-logo-apei-1.png","contentUrl":"https://apeimeudon.fr/Site-APEI/wp-content/uploads/2016/05/Grand-logo-apei-1.png","width":840,"height":120,"caption":"APEI de Meudon"},"image":{"@id":"https://apeimeudon.fr/Site-APEI/#/schema/logo/image/"}}]}</script>
<!-- / Yoast SEO plugin. -->

L’APEI de Meudon (Association des amis et parents de personnes handicapées mentales) a été créée en 1971, à l’initiative de parents d’enfants handicapés mentaux de Meudon avec l’appui du maire de l’époque, Monsieur Gilbert GAUER, et du maire-adjoint chargé des affaires sociales.Les objectifs premiers s'orientaient autour des activités et des loisirs de leurs enfants.Dans un [&hellip;]

Association de Parents d’Enfants Handicapés Mentaux de Meudon
