{"id":623,"date":"2017-03-05T15:48:17","date_gmt":"2017-03-05T14:48:17","guid":{"rendered":"http:\/\/apeimeudon.fr\/Site-APEI\/?page_id=623"},"modified":"2024-03-14T21:26:39","modified_gmt":"2024-03-14T20:26:39","slug":"les-lampes-2","status":"publish","type":"page","link":"http:\/\/apeimeudon.fr\/Site-APEI\/les-lampes-2\/","title":{"rendered":"Les Lampes"},"content":{"rendered":"<div id=\"pl-623\"  class=\"panel-layout\" ><div id=\"pg-623-0\"  class=\"panel-grid panel-no-style\" ><div id=\"pgc-623-0-0\"  class=\"panel-grid-cell\" ><div id=\"panel-623-0-0-0\" class=\"so-panel widget widget_black-studio-tinymce widget_black_studio_tinymce panel-first-child panel-last-child\" data-index=\"0\" ><div class=\"textwidget\"><p><div id=\"attachment_604\" style=\"width: 1413px\" class=\"wp-caption aligncenter\"><img loading=\"lazy\" decoding=\"async\" aria-describedby=\"caption-attachment-604\" class=\"wp-image-604 size-full\" src=\"http:\/\/apeimeudon.fr\/Site-APEI\/wp-content\/uploads\/2017\/03\/Street-Lampes-e1488539720707.jpg\" width=\"1403\" height=\"388\" srcset=\"http:\/\/apeimeudon.fr\/Site-APEI\/wp-content\/uploads\/2017\/03\/Street-Lampes-e1488539720707.jpg 1403w, http:\/\/apeimeudon.fr\/Site-APEI\/wp-content\/uploads\/2017\/03\/Street-Lampes-e1488539720707-300x83.jpg 300w, http:\/\/apeimeudon.fr\/Site-APEI\/wp-content\/uploads\/2017\/03\/Street-Lampes-e1488539720707-768x212.jpg 768w, http:\/\/apeimeudon.fr\/Site-APEI\/wp-content\/uploads\/2017\/03\/Street-Lampes-e1488539720707-1024x283.jpg 1024w\" sizes=\"auto, (max-width: 1403px) 100vw, 1403px\" \/><p id=\"caption-attachment-604\" class=\"wp-caption-text\">Foyer Les Lampes<\/p><\/div><\/p>\n<\/div><\/div><\/div><\/div><div id=\"pg-623-1\"  class=\"panel-grid panel-no-style\" ><div id=\"pgc-623-1-0\"  class=\"panel-grid-cell\" ><div id=\"panel-623-1-0-0\" class=\"so-panel widget widget_black-studio-tinymce widget_black_studio_tinymce panel-first-child panel-last-child\" data-index=\"1\" ><div class=\"textwidget\"><h4 style=\"text-align: justify;\">Le Foyer : Pour qui ?<\/h4>\n<p style=\"text-align: justify;\">Le foyer des Lampes a pour mission d'h\u00e9berger 19 adultes en situation de handicap mental ayant :<\/p>\n<ul style=\"text-align: justify;\">\n<li>une orientation MDPH en foyer d\u2019h\u00e9bergement,<\/li>\n<li>une activit\u00e9 en journ\u00e9e (travaillant en ESAT ou fr\u00e9quentant un CITL),<\/li>\n<li>pour origine &nbsp;les Hauts de Seine ou un d\u00e9partement limitrophe,<\/li>\n<li>disposer de ressources (salaire de l\u2019ESAT, AAH, APL\u2026)<\/li>\n<\/ul>\n<p style=\"text-align: justify;\">Chaque personne, avec ses difficult\u00e9s particuli\u00e8res, doit \u00eatre suffisamment autonome dans la vie quotidienne et capable de vivre avec les autres<\/p>\n<h4 style=\"text-align: justify;\">Le Foyer : Pourquoi ?<\/h4>\n<p style=\"text-align: justify;\">Depuis 1971, des familles habitant Meudon se sont r\u00e9unies pour cr\u00e9er une association de parents de personnes handicap\u00e9es mentales, l'APEI de Meudon.<\/p>\n<p style=\"text-align: justify;\">Leurs objectifs premiers s'orientaient autour des activit\u00e9s et des loisirs de leurs enfants.<\/p>\n<p style=\"text-align: justify;\">Dans un second temps, ils ont \u00e9prouv\u00e9 le besoin de cr\u00e9er des foyers d'h\u00e9bergement pour assurer l'avenir de leurs enfants.<\/p>\n<p style=\"text-align: justify;\">L'APEI de Meudon a cr\u00e9\u00e9 et g\u00e8re d\u00e9sormais 4 foyers : les foyers d'h\u00e9bergements des Lampes et de Fleury, le foyer int\u00e9gr\u00e9 Georges Hourdin et le foyer de vie des Bords de Seine.<\/p>\n<h4 style=\"text-align: justify;\">Le Foyer : Pour quoi faire ?<\/h4>\n<p style=\"text-align: justify;\">C'est un lieu de vie entre adultes qui permet \u00e0 chacun de construire son projet de vie personnel. Le r\u00e9sident est accompagn\u00e9 par les \u00e9ducateurs \u00e0 r\u00e9fl\u00e9chir \u00e0 ses envies et \u00e0 ses besoins&nbsp;:<\/p>\n<ul style=\"text-align: justify;\">\n<li>D\u00e9velopper une vie sociale et culturelle en participant \u00e0 la vie du Foyer et en profitant de l'environnement ext\u00e9rieur (magasins, bus, m\u00e9diath\u00e8que, cin\u00e9ma, centre cultuel et sportif...)<\/li>\n<\/ul>\n<ul style=\"text-align: justify;\">\n<li>Organiser ses loisirs, ses vacances et ses rendez-vous (coiffeur, m\u00e9decin, ...), ses achats, ses d\u00e9penses et certaines d\u00e9marches administratives.<\/li>\n<\/ul>\n<p style=\"text-align: justify;\">Vivre au foyer, c\u2019est participer \u00e0 une vie de groupe enrichissante fond\u00e9e sur le respect des autres et o\u00f9 la participation \u00e0 la vie du foyer et aux t\u00e2ches collectives sont n\u00e9cessaires. C\u2019est aussi, selon ses go\u00fbts, participer \u00e0 des activit\u00e9s sportives, culturelles ou artistiques, aux sorties organis\u00e9es par le foyer le WE.<\/p>\n<h4 style=\"text-align: justify;\">&nbsp;<\/h4>\n<h4 style=\"text-align: justify;\">Les services du foyer des Lampes<\/h4>\n<h5 style=\"text-align: justify;\"><em>Le Service \u00e9ducatif compos\u00e9 ;<\/em><\/h5>\n<ul style=\"text-align: justify;\">\n<li>Une chef de service<\/li>\n<li>5 \u00e9ducateurs\/\u00e9ducatrices<\/li>\n<li>Une psychologue \u00e0 temps partiel, pr\u00e9sente les mardis<\/li>\n<li>3 surveillants de nuit<\/li>\n<\/ul>\n<h5 style=\"text-align: justify;\"><em>Le Service administratif, commun aux 3 ou 4 foyers compos\u00e9 de :<\/em><\/h5>\n<ul style=\"text-align: justify;\">\n<li>Un Directeur, commun \u00e0 l'ensemble des 4 foyers de l'association<\/li>\n<li>Un Cadre administratif et Ressources Humaines<\/li>\n<li>Une secr\u00e9taire \u00e0 temps partiel<\/li>\n<li>Un Comptable \u00e0 temps partiel<\/li>\n<\/ul>\n<h5 style=\"text-align: justify;\"><em>Les services g\u00e9n\u00e9raux compos\u00e9s :<\/em><\/h5>\n<ul style=\"text-align: justify;\">\n<li>Un agent de service int\u00e9rieur<\/li>\n<li>Un ouvrier d'entretien<\/li>\n<\/ul>\n<h4 style=\"text-align: justify;\">Les espaces communs comprennent&nbsp;:<\/h4>\n<ul>\n<li style=\"text-align: justify;\">un espace ext\u00e9rieur (cour et jardin) o\u00f9 sont install\u00e9es des tables et chaises de jardin. Les r\u00e9sidents peuvent y go\u00fbter, manger, discuter, faire des jeux,<\/li>\n<li>un salon\/salle \u00e0 manger o\u00f9 les r\u00e9sidents passent des moments de d\u00e9tente, peuvent regarder la t\u00e9l\u00e9vision, \u00e9couter de la musique, lire, discuter, jouer \u00e0 des jeux de soci\u00e9t\u00e9, \u00e0 des jeux vid\u00e9o sur l\u2019ordinateur \u00e9quip\u00e9 d\u2019une connexion internet. Les repas s\u2019y prennent ensemble. C\u2019est aussi le lieu o\u00f9 se d\u00e9roulent les r\u00e9unions de groupe et les temps festifs&nbsp;;<\/li>\n<li>un petit salon, lieu privil\u00e9gi\u00e9 de rencontre avec les \u00e9ducateurs, et o\u00f9 les r\u00e9sidents peuvent s\u2019adonner \u00e0 toute sorte d\u2019activit\u00e9s,<\/li>\n<li>une cuisine qui peut servir aux r\u00e9sidents qui souhaitent pr\u00e9parer des repas individuels les week-ends avec l\u2019aide ou non des \u00e9ducateurs et qui permet de r\u00e9chauffer les repas livr\u00e9s par la cuisine centrale situ\u00e9e au foyer des Bords de Seine.<\/li>\n<\/ul>\n<h4 style=\"text-align: justify;\">La chambre&nbsp;:<\/h4>\n<p style=\"text-align: justify;\">Chaque r\u00e9sident dispose d\u2019une chambre \u00e9quip\u00e9e d\u2019une douche et d\u2019un WC, qu\u2019il peut am\u00e9nager seul ou aid\u00e9 de ses proches ou de l\u2019\u00e9quipe, selon ses envies et ses go\u00fbts. Pour lui permettre de cr\u00e9er un espace personnalis\u00e9, l\u2019achat du mobilier et de la d\u00e9coration sont \u00e0 sa charge. Il dispose d\u2019un jeu de cl\u00e9 pour ouvrir et fermer sa chambre. A part le personnel d\u2019entretien, personne n\u2019est autoris\u00e9 \u00e0 y entrer sans l\u2019accord du r\u00e9sident. L\u2019\u00e9quipe \u00e9ducative v\u00e9rifie toutefois r\u00e9guli\u00e8rement l\u2019\u00e9tat de la chambre avec le r\u00e9sident.<\/p>\n<h4 style=\"text-align: justify;\">Les espaces des professionnels&nbsp;:<\/h4>\n<p style=\"text-align: justify;\">Le foyer des Lampes comporte aussi les bureaux d\u00e9di\u00e9s aux professionnels&nbsp;: le bureau des \u00e9ducateurs, le bureau de la chef de service et celui de la psychologue, du personnel administratif et des services g\u00e9n\u00e9raux. Celui du Directeur au foyer des Bords de Seine.<\/p>\n<p style=\"text-align: justify;\">&nbsp;<\/p>\n<\/div><\/div><\/div><\/div><\/div>","protected":false},"excerpt":{"rendered":"<p>Le Foyer : Pour qui ? Le foyer des Lampes a pour mission d&rsquo;h\u00e9berger 19 adultes en situation de handicap mental ayant : une orientation MDPH en foyer d\u2019h\u00e9bergement, une activit\u00e9 en journ\u00e9e (travaillant en ESAT ou fr\u00e9quentant un CITL), pour origine &nbsp;les Hauts de Seine ou un d\u00e9partement limitrophe, disposer de ressources (salaire de [&hellip;]<\/p>\n","protected":false},"author":1,"featured_media":0,"parent":0,"menu_order":0,"comment_status":"closed","ping_status":"closed","template":"","meta":{"_acf_changed":false,"ngg_post_thumbnail":0,"footnotes":""},"class_list":["post-623","page","type-page","status-publish","hentry","post"],"acf":[],"yoast_head":"<!-- This site is optimized with the Yoast SEO plugin v27.1.1 - https:\/\/yoast.com\/product\/yoast-seo-wordpress\/ -->\n<title>Les Lampes - Site de l&#039;APEI de Meudon<\/title>\n<meta name=\"description\" content=\"Le foyer des Lampes a pour mission d&#039;h\u00e9berger 19 adultes en situation de handicap mental.\" \/>\n<meta name=\"robots\" content=\"index, follow, max-snippet:-1, max-image-preview:large, max-video-preview:-1\" \/>\n<link rel=\"canonical\" href=\"http:\/\/apeimeudon.fr\/Site-APEI\/les-lampes-2\/\" \/>\n<meta property=\"og:locale\" content=\"fr_FR\" \/>\n<meta property=\"og:type\" content=\"article\" \/>\n<meta property=\"og:title\" content=\"Les Lampes - Site de l&#039;APEI de Meudon\" \/>\n<meta property=\"og:description\" content=\"Le foyer des Lampes a pour mission d&#039;h\u00e9berger 19 adultes en situation de handicap mental.\" \/>\n<meta property=\"og:url\" content=\"http:\/\/apeimeudon.fr\/Site-APEI\/les-lampes-2\/\" \/>\n<meta property=\"og:site_name\" content=\"Site de l&#039;APEI de Meudon\" \/>\n<meta property=\"article:modified_time\" content=\"2024-03-14T20:26:39+00:00\" \/>\n<meta property=\"og:image\" content=\"http:\/\/apeimeudon.fr\/Site-APEI\/wp-content\/uploads\/2017\/03\/Street-Lampes-e1488539720707.jpg\" \/>\n<meta name=\"twitter:card\" content=\"summary_large_image\" \/>\n<meta name=\"twitter:label1\" content=\"Dur\u00e9e de lecture estim\u00e9e\" \/>\n\t<meta name=\"twitter:data1\" content=\"4 minutes\" \/>\n<script type=\"application\/ld+json\" class=\"yoast-schema-graph\">{\"@context\":\"https:\/\/schema.org\",\"@graph\":[{\"@type\":\"WebPage\",\"@id\":\"http:\/\/apeimeudon.fr\/Site-APEI\/les-lampes-2\/\",\"url\":\"http:\/\/apeimeudon.fr\/Site-APEI\/les-lampes-2\/\",\"name\":\"Les Lampes - Site de l&#039;APEI de Meudon\",\"isPartOf\":{\"@id\":\"https:\/\/apeimeudon.fr\/Site-APEI\/#website\"},\"primaryImageOfPage\":{\"@id\":\"http:\/\/apeimeudon.fr\/Site-APEI\/les-lampes-2\/#primaryimage\"},\"image\":{\"@id\":\"http:\/\/apeimeudon.fr\/Site-APEI\/les-lampes-2\/#primaryimage\"},\"thumbnailUrl\":\"http:\/\/apeimeudon.fr\/Site-APEI\/wp-content\/uploads\/2017\/03\/Street-Lampes-e1488539720707.jpg\",\"datePublished\":\"2017-03-05T14:48:17+00:00\",\"dateModified\":\"2024-03-14T20:26:39+00:00\",\"description\":\"Le foyer des Lampes a pour mission d'h\u00e9berger 19 adultes en situation de handicap mental.\",\"breadcrumb\":{\"@id\":\"http:\/\/apeimeudon.fr\/Site-APEI\/les-lampes-2\/#breadcrumb\"},\"inLanguage\":\"fr-FR\",\"potentialAction\":[{\"@type\":\"ReadAction\",\"target\":[\"http:\/\/apeimeudon.fr\/Site-APEI\/les-lampes-2\/\"]}]},{\"@type\":\"ImageObject\",\"inLanguage\":\"fr-FR\",\"@id\":\"http:\/\/apeimeudon.fr\/Site-APEI\/les-lampes-2\/#primaryimage\",\"url\":\"http:\/\/apeimeudon.fr\/Site-APEI\/wp-content\/uploads\/2017\/03\/Street-Lampes-e1488539720707.jpg\",\"contentUrl\":\"http:\/\/apeimeudon.fr\/Site-APEI\/wp-content\/uploads\/2017\/03\/Street-Lampes-e1488539720707.jpg\",\"width\":1403,\"height\":388,\"caption\":\"Foyer Les Lampes\"},{\"@type\":\"BreadcrumbList\",\"@id\":\"http:\/\/apeimeudon.fr\/Site-APEI\/les-lampes-2\/#breadcrumb\",\"itemListElement\":[{\"@type\":\"ListItem\",\"position\":1,\"name\":\"Accueil\",\"item\":\"https:\/\/apeimeudon.fr\/Site-APEI\/\"},{\"@type\":\"ListItem\",\"position\":2,\"name\":\"Les Lampes\"}]},{\"@type\":\"WebSite\",\"@id\":\"https:\/\/apeimeudon.fr\/Site-APEI\/#website\",\"url\":\"https:\/\/apeimeudon.fr\/Site-APEI\/\",\"name\":\"Site de l&#039;APEI de Meudon\",\"description\":\"Association de Parents d\u2019Enfants Handicap\u00e9s Mentaux de Meudon\",\"publisher\":{\"@id\":\"https:\/\/apeimeudon.fr\/Site-APEI\/#organization\"},\"potentialAction\":[{\"@type\":\"SearchAction\",\"target\":{\"@type\":\"EntryPoint\",\"urlTemplate\":\"https:\/\/apeimeudon.fr\/Site-APEI\/?s={search_term_string}\"},\"query-input\":{\"@type\":\"PropertyValueSpecification\",\"valueRequired\":true,\"valueName\":\"search_term_string\"}}],\"inLanguage\":\"fr-FR\"},{\"@type\":\"Organization\",\"@id\":\"https:\/\/apeimeudon.fr\/Site-APEI\/#organization\",\"name\":\"APEI de Meudon\",\"url\":\"https:\/\/apeimeudon.fr\/Site-APEI\/\",\"logo\":{\"@type\":\"ImageObject\",\"inLanguage\":\"fr-FR\",\"@id\":\"https:\/\/apeimeudon.fr\/Site-APEI\/#\/schema\/logo\/image\/\",\"url\":\"https:\/\/apeimeudon.fr\/Site-APEI\/wp-content\/uploads\/2016\/05\/Grand-logo-apei-1.png\",\"contentUrl\":\"https:\/\/apeimeudon.fr\/Site-APEI\/wp-content\/uploads\/2016\/05\/Grand-logo-apei-1.png\",\"width\":840,\"height\":120,\"caption\":\"APEI de Meudon\"},\"image\":{\"@id\":\"https:\/\/apeimeudon.fr\/Site-APEI\/#\/schema\/logo\/image\/\"}}]}<\/script>\n<!-- \/ Yoast SEO plugin. -->","yoast_head_json":{"title":"Les Lampes - Site de l&#039;APEI de Meudon","description":"Le foyer des Lampes a pour mission d'h\u00e9berger 19 adultes en situation de handicap mental.","robots":{"index":"index","follow":"follow","max-snippet":"max-snippet:-1","max-image-preview":"max-image-preview:large","max-video-preview":"max-video-preview:-1"},"canonical":"http:\/\/apeimeudon.fr\/Site-APEI\/les-lampes-2\/","og_locale":"fr_FR","og_type":"article","og_title":"Les Lampes - Site de l&#039;APEI de Meudon","og_description":"Le foyer des Lampes a pour mission d'h\u00e9berger 19 adultes en situation de handicap mental.","og_url":"http:\/\/apeimeudon.fr\/Site-APEI\/les-lampes-2\/","og_site_name":"Site de l&#039;APEI de Meudon","article_modified_time":"2024-03-14T20:26:39+00:00","og_image":[{"url":"http:\/\/apeimeudon.fr\/Site-APEI\/wp-content\/uploads\/2017\/03\/Street-Lampes-e1488539720707.jpg","type":"","width":"","height":""}],"twitter_card":"summary_large_image","twitter_misc":{"Dur\u00e9e de lecture estim\u00e9e":"4 minutes"},"schema":{"@context":"https:\/\/schema.org","@graph":[{"@type":"WebPage","@id":"http:\/\/apeimeudon.fr\/Site-APEI\/les-lampes-2\/","url":"http:\/\/apeimeudon.fr\/Site-APEI\/les-lampes-2\/","name":"Les Lampes - Site de l&#039;APEI de Meudon","isPartOf":{"@id":"https:\/\/apeimeudon.fr\/Site-APEI\/#website"},"primaryImageOfPage":{"@id":"http:\/\/apeimeudon.fr\/Site-APEI\/les-lampes-2\/#primaryimage"},"image":{"@id":"http:\/\/apeimeudon.fr\/Site-APEI\/les-lampes-2\/#primaryimage"},"thumbnailUrl":"http:\/\/apeimeudon.fr\/Site-APEI\/wp-content\/uploads\/2017\/03\/Street-Lampes-e1488539720707.jpg","datePublished":"2017-03-05T14:48:17+00:00","dateModified":"2024-03-14T20:26:39+00:00","description":"Le foyer des Lampes a pour mission d'h\u00e9berger 19 adultes en situation de handicap mental.","breadcrumb":{"@id":"http:\/\/apeimeudon.fr\/Site-APEI\/les-lampes-2\/#breadcrumb"},"inLanguage":"fr-FR","potentialAction":[{"@type":"ReadAction","target":["http:\/\/apeimeudon.fr\/Site-APEI\/les-lampes-2\/"]}]},{"@type":"ImageObject","inLanguage":"fr-FR","@id":"http:\/\/apeimeudon.fr\/Site-APEI\/les-lampes-2\/#primaryimage","url":"http:\/\/apeimeudon.fr\/Site-APEI\/wp-content\/uploads\/2017\/03\/Street-Lampes-e1488539720707.jpg","contentUrl":"http:\/\/apeimeudon.fr\/Site-APEI\/wp-content\/uploads\/2017\/03\/Street-Lampes-e1488539720707.jpg","width":1403,"height":388,"caption":"Foyer Les Lampes"},{"@type":"BreadcrumbList","@id":"http:\/\/apeimeudon.fr\/Site-APEI\/les-lampes-2\/#breadcrumb","itemListElement":[{"@type":"ListItem","position":1,"name":"Accueil","item":"https:\/\/apeimeudon.fr\/Site-APEI\/"},{"@type":"ListItem","position":2,"name":"Les Lampes"}]},{"@type":"WebSite","@id":"https:\/\/apeimeudon.fr\/Site-APEI\/#website","url":"https:\/\/apeimeudon.fr\/Site-APEI\/","name":"Site de l&#039;APEI de Meudon","description":"Association de Parents d\u2019Enfants Handicap\u00e9s Mentaux de Meudon","publisher":{"@id":"https:\/\/apeimeudon.fr\/Site-APEI\/#organization"},"potentialAction":[{"@type":"SearchAction","target":{"@type":"EntryPoint","urlTemplate":"https:\/\/apeimeudon.fr\/Site-APEI\/?s={search_term_string}"},"query-input":{"@type":"PropertyValueSpecification","valueRequired":true,"valueName":"search_term_string"}}],"inLanguage":"fr-FR"},{"@type":"Organization","@id":"https:\/\/apeimeudon.fr\/Site-APEI\/#organization","name":"APEI de Meudon","url":"https:\/\/apeimeudon.fr\/Site-APEI\/","logo":{"@type":"ImageObject","inLanguage":"fr-FR","@id":"https:\/\/apeimeudon.fr\/Site-APEI\/#\/schema\/logo\/image\/","url":"https:\/\/apeimeudon.fr\/Site-APEI\/wp-content\/uploads\/2016\/05\/Grand-logo-apei-1.png","contentUrl":"https:\/\/apeimeudon.fr\/Site-APEI\/wp-content\/uploads\/2016\/05\/Grand-logo-apei-1.png","width":840,"height":120,"caption":"APEI de Meudon"},"image":{"@id":"https:\/\/apeimeudon.fr\/Site-APEI\/#\/schema\/logo\/image\/"}}]}},"_links":{"self":[{"href":"http:\/\/apeimeudon.fr\/Site-APEI\/wp-json\/wp\/v2\/pages\/623","targetHints":{"allow":["GET"]}}],"collection":[{"href":"http:\/\/apeimeudon.fr\/Site-APEI\/wp-json\/wp\/v2\/pages"}],"about":[{"href":"http:\/\/apeimeudon.fr\/Site-APEI\/wp-json\/wp\/v2\/types\/page"}],"author":[{"embeddable":true,"href":"http:\/\/apeimeudon.fr\/Site-APEI\/wp-json\/wp\/v2\/users\/1"}],"replies":[{"embeddable":true,"href":"http:\/\/apeimeudon.fr\/Site-APEI\/wp-json\/wp\/v2\/comments?post=623"}],"version-history":[{"count":36,"href":"http:\/\/apeimeudon.fr\/Site-APEI\/wp-json\/wp\/v2\/pages\/623\/revisions"}],"predecessor-version":[{"id":3020,"href":"http:\/\/apeimeudon.fr\/Site-APEI\/wp-json\/wp\/v2\/pages\/623\/revisions\/3020"}],"wp:attachment":[{"href":"http:\/\/apeimeudon.fr\/Site-APEI\/wp-json\/wp\/v2\/media?parent=623"}],"curies":[{"name":"wp","href":"https:\/\/api.w.org\/{rel}","templated":true}]}}