{"version":"1.0","provider_name":"La Gazette des Foyers de l&#039;APEI de Meudon","provider_url":"https:\/\/apeimeudon.fr\/Blog-APEI","author_name":"Equipe r\u00e9dactionnelle Foyer des Lampes","author_url":"https:\/\/apeimeudon.fr\/Blog-APEI\/author\/lampes\/","title":"Brocante au Foyer des Lampes septembre 2025 - La Gazette des Foyers de l&#039;APEI de Meudon","type":"rich","width":600,"height":338,"html":"<blockquote class=\"wp-embedded-content\" data-secret=\"8XIgIt3bnf\"><a href=\"https:\/\/apeimeudon.fr\/Blog-APEI\/brocante-au-foyer-des-lampes-septembre-2025\/\">Brocante au Foyer des Lampes septembre 2025<\/a><\/blockquote><iframe sandbox=\"allow-scripts\" security=\"restricted\" src=\"https:\/\/apeimeudon.fr\/Blog-APEI\/brocante-au-foyer-des-lampes-septembre-2025\/embed\/#?secret=8XIgIt3bnf\" width=\"600\" height=\"338\" title=\"\u00ab\u00a0Brocante au Foyer des Lampes septembre 2025\u00a0\u00bb &#8212; La Gazette des Foyers de l&#039;APEI de Meudon\" data-secret=\"8XIgIt3bnf\" frameborder=\"0\" marginwidth=\"0\" marginheight=\"0\" scrolling=\"no\" class=\"wp-embedded-content\"><\/iframe><script type=\"text\/javascript\">\n\/* <![CDATA[ *\/\n\/*! This file is auto-generated *\/\n!function(d,l){\"use strict\";l.querySelector&&d.addEventListener&&\"undefined\"!=typeof URL&&(d.wp=d.wp||{},d.wp.receiveEmbedMessage||(d.wp.receiveEmbedMessage=function(e){var t=e.data;if((t||t.secret||t.message||t.value)&&!\/[^a-zA-Z0-9]\/.test(t.secret)){for(var s,r,n,a=l.querySelectorAll('iframe[data-secret=\"'+t.secret+'\"]'),o=l.querySelectorAll('blockquote[data-secret=\"'+t.secret+'\"]'),c=new RegExp(\"^https?:$\",\"i\"),i=0;i<o.length;i++)o[i].style.display=\"none\";for(i=0;i<a.length;i++)s=a[i],e.source===s.contentWindow&&(s.removeAttribute(\"style\"),\"height\"===t.message?(1e3<(r=parseInt(t.value,10))?r=1e3:~~r<200&&(r=200),s.height=r):\"link\"===t.message&&(r=new URL(s.getAttribute(\"src\")),n=new URL(t.value),c.test(n.protocol))&&n.host===r.host&&l.activeElement===s&&(d.top.location.href=t.value))}},d.addEventListener(\"message\",d.wp.receiveEmbedMessage,!1),l.addEventListener(\"DOMContentLoaded\",function(){for(var e,t,s=l.querySelectorAll(\"iframe.wp-embedded-content\"),r=0;r<s.length;r++)(t=(e=s[r]).getAttribute(\"data-secret\"))||(t=Math.random().toString(36).substring(2,12),e.src+=\"#?secret=\"+t,e.setAttribute(\"data-secret\",t)),e.contentWindow.postMessage({message:\"ready\",secret:t},\"*\")},!1)))}(window,document);\n\/\/# sourceURL=https:\/\/apeimeudon.fr\/Blog-APEI\/wp-includes\/js\/wp-embed.min.js\n\/* ]]> *\/\n<\/script>\n","thumbnail_url":"https:\/\/apeimeudon.fr\/Blog-APEI\/wp-content\/uploads\/2025\/10\/Miniature.jpg","thumbnail_width":400,"thumbnail_height":240,"description":"Les r\u00e9sidents \u00e9taient nombreux cette ann\u00e9e encore \u00e0 avoir r\u00e9pondu pr\u00e9sents pour participer au Vide Grenier de la rue. Les bureaux et greniers de Foyers \u00e9taient plein \u00e0 craquer des dons de parents, de professionnels et de r\u00e9sidents qui en avaient profit\u00e9 pour faire un petit tri chez eux. Les r\u00e9frig\u00e9rateurs \u00e9taient charg\u00e9s de g\u00e2teaux, [&hellip;]"}

Equipe rédactionnelle Foyer des Lampes

Les résidents étaient nombreux cette année encore à avoir répondu présents pour participer au Vide Grenier de la rue. Les bureaux et greniers de Foyers étaient plein à craquer des dons de parents, de professionnels et de résidents qui en avaient profité pour faire un petit tri chez eux. Les réfrigérateurs étaient chargés de gâteaux, [&hellip;]
