{"version":"1.0","provider_name":"La Gazette des Foyers de l&#039;APEI de Meudon","provider_url":"https:\/\/apeimeudon.fr\/Blog-APEI","author_name":"admin","author_url":"https:\/\/apeimeudon.fr\/Blog-APEI\/author\/admin\/","title":"La galette des b\u00e9n\u00e9voles 2019 - La Gazette des Foyers de l&#039;APEI de Meudon","type":"rich","width":600,"height":338,"html":"<blockquote class=\"wp-embedded-content\" data-secret=\"XegBRt2OkF\"><a href=\"https:\/\/apeimeudon.fr\/Blog-APEI\/la-galette-des-benevoles-2019\/\">La galette des b\u00e9n\u00e9voles 2019<\/a><\/blockquote><iframe sandbox=\"allow-scripts\" security=\"restricted\" src=\"https:\/\/apeimeudon.fr\/Blog-APEI\/la-galette-des-benevoles-2019\/embed\/#?secret=XegBRt2OkF\" width=\"600\" height=\"338\" title=\"\u00ab\u00a0La galette des b\u00e9n\u00e9voles 2019\u00a0\u00bb &#8212; La Gazette des Foyers de l&#039;APEI de Meudon\" data-secret=\"XegBRt2OkF\" frameborder=\"0\" marginwidth=\"0\" marginheight=\"0\" scrolling=\"no\" class=\"wp-embedded-content\"><\/iframe><script type=\"text\/javascript\">\n\/* <![CDATA[ *\/\n\/*! This file is auto-generated *\/\n!function(d,l){\"use strict\";l.querySelector&&d.addEventListener&&\"undefined\"!=typeof URL&&(d.wp=d.wp||{},d.wp.receiveEmbedMessage||(d.wp.receiveEmbedMessage=function(e){var t=e.data;if((t||t.secret||t.message||t.value)&&!\/[^a-zA-Z0-9]\/.test(t.secret)){for(var s,r,n,a=l.querySelectorAll('iframe[data-secret=\"'+t.secret+'\"]'),o=l.querySelectorAll('blockquote[data-secret=\"'+t.secret+'\"]'),c=new RegExp(\"^https?:$\",\"i\"),i=0;i<o.length;i++)o[i].style.display=\"none\";for(i=0;i<a.length;i++)s=a[i],e.source===s.contentWindow&&(s.removeAttribute(\"style\"),\"height\"===t.message?(1e3<(r=parseInt(t.value,10))?r=1e3:~~r<200&&(r=200),s.height=r):\"link\"===t.message&&(r=new URL(s.getAttribute(\"src\")),n=new URL(t.value),c.test(n.protocol))&&n.host===r.host&&l.activeElement===s&&(d.top.location.href=t.value))}},d.addEventListener(\"message\",d.wp.receiveEmbedMessage,!1),l.addEventListener(\"DOMContentLoaded\",function(){for(var e,t,s=l.querySelectorAll(\"iframe.wp-embedded-content\"),r=0;r<s.length;r++)(t=(e=s[r]).getAttribute(\"data-secret\"))||(t=Math.random().toString(36).substring(2,12),e.src+=\"#?secret=\"+t,e.setAttribute(\"data-secret\",t)),e.contentWindow.postMessage({message:\"ready\",secret:t},\"*\")},!1)))}(window,document);\n\/\/# sourceURL=https:\/\/apeimeudon.fr\/Blog-APEI\/wp-includes\/js\/wp-embed.min.js\n\/* ]]> *\/\n<\/script>\n","thumbnail_url":"http:\/\/apeimeudon.fr\/Blog-APEI\/wp-content\/uploads\/2019\/01\/Galette-2019-miniature.jpg","thumbnail_width":314,"thumbnail_height":209,"description":"La galette des Rois \u00ab\u00a0Je suis la galette, la galette\u2026\u00a0\u00bb. Elle \u00e9tait gigantesque, comme d\u2019habitude, et elle s\u2019est laiss\u00e9e d\u00e9guster le 15 janvier dernier par les responsables, b\u00e9n\u00e9voles de l\u2019APEI et les \u00e9lus de Meudon."}

La galette des bénévoles 2019 - La Gazette des Foyers de l&#039;APEI de Meudon

<blockquote class="wp-embedded-content" data-secret="XegBRt2OkF"><a href="https://apeimeudon.fr/Blog-APEI/la-galette-des-benevoles-2019/">La galette des bénévoles 2019</a></blockquote><iframe sandbox="allow-scripts" security="restricted" src="https://apeimeudon.fr/Blog-APEI/la-galette-des-benevoles-2019/embed/#?secret=XegBRt2OkF" width="600" height="338" title="« La galette des bénévoles 2019 » &#8212; La Gazette des Foyers de l&#039;APEI de Meudon" data-secret="XegBRt2OkF" frameborder="0" marginwidth="0" marginheight="0" scrolling="no" class="wp-embedded-content"></iframe><script type="text/javascript">
/* <![CDATA[ */
/*! This file is auto-generated */
!function(d,l){"use strict";l.querySelector&&d.addEventListener&&"undefined"!=typeof URL&&(d.wp=d.wp||{},d.wp.receiveEmbedMessage||(d.wp.receiveEmbedMessage=function(e){var t=e.data;if((t||t.secret||t.message||t.value)&&!/[^a-zA-Z0-9]/.test(t.secret)){for(var s,r,n,a=l.querySelectorAll('iframe[data-secret="'+t.secret+'"]'),o=l.querySelectorAll('blockquote[data-secret="'+t.secret+'"]'),c=new RegExp("^https?:$","i"),i=0;i<o.length;i++)o[i].style.display="none";for(i=0;i<a.length;i++)s=a[i],e.source===s.contentWindow&&(s.removeAttribute("style"),"height"===t.message?(1e3<(r=parseInt(t.value,10))?r=1e3:~~r<200&&(r=200),s.height=r):"link"===t.message&&(r=new URL(s.getAttribute("src")),n=new URL(t.value),c.test(n.protocol))&&n.host===r.host&&l.activeElement===s&&(d.top.location.href=t.value))}},d.addEventListener("message",d.wp.receiveEmbedMessage,!1),l.addEventListener("DOMContentLoaded",function(){for(var e,t,s=l.querySelectorAll("iframe.wp-embedded-content"),r=0;r<s.length;r++)(t=(e=s[r]).getAttribute("data-secret"))||(t=Math.random().toString(36).substring(2,12),e.src+="#?secret="+t,e.setAttribute("data-secret",t)),e.contentWindow.postMessage({message:"ready",secret:t},"*")},!1)))}(window,document);
//# sourceURL=https://apeimeudon.fr/Blog-APEI/wp-includes/js/wp-embed.min.js
/* ]]> */
</script>

La galette des Rois « Je suis la galette, la galette… ». Elle était gigantesque, comme d’habitude, et elle s’est laissée déguster le 15 janvier dernier par les responsables, bénévoles de l’APEI et les élus de Meudon.
