{"version":"1.0","provider_name":"La Gazette des Foyers de l&#039;APEI de Meudon","provider_url":"https:\/\/apeimeudon.fr\/Blog-APEI","author_name":"Equipe r\u00e9dactionnelle Foyer des Lampes","author_url":"https:\/\/apeimeudon.fr\/Blog-APEI\/author\/lampes\/","title":"S\u00e9jour dans les Vosges - La Gazette des Foyers de l&#039;APEI de Meudon","type":"rich","width":600,"height":338,"html":"<blockquote class=\"wp-embedded-content\" data-secret=\"Rr0ecXLeKi\"><a href=\"https:\/\/apeimeudon.fr\/Blog-APEI\/sejour-dans-les-vosges\/\">S\u00e9jour dans les Vosges<\/a><\/blockquote><iframe sandbox=\"allow-scripts\" security=\"restricted\" src=\"https:\/\/apeimeudon.fr\/Blog-APEI\/sejour-dans-les-vosges\/embed\/#?secret=Rr0ecXLeKi\" width=\"600\" height=\"338\" title=\"\u00ab\u00a0S\u00e9jour dans les Vosges\u00a0\u00bb &#8212; La Gazette des Foyers de l&#039;APEI de Meudon\" data-secret=\"Rr0ecXLeKi\" frameborder=\"0\" marginwidth=\"0\" marginheight=\"0\" scrolling=\"no\" class=\"wp-embedded-content\"><\/iframe><script type=\"text\/javascript\">\n\/* <![CDATA[ *\/\n\/*! This file is auto-generated *\/\n!function(d,l){\"use strict\";l.querySelector&&d.addEventListener&&\"undefined\"!=typeof URL&&(d.wp=d.wp||{},d.wp.receiveEmbedMessage||(d.wp.receiveEmbedMessage=function(e){var t=e.data;if((t||t.secret||t.message||t.value)&&!\/[^a-zA-Z0-9]\/.test(t.secret)){for(var s,r,n,a=l.querySelectorAll('iframe[data-secret=\"'+t.secret+'\"]'),o=l.querySelectorAll('blockquote[data-secret=\"'+t.secret+'\"]'),c=new RegExp(\"^https?:$\",\"i\"),i=0;i<o.length;i++)o[i].style.display=\"none\";for(i=0;i<a.length;i++)s=a[i],e.source===s.contentWindow&&(s.removeAttribute(\"style\"),\"height\"===t.message?(1e3<(r=parseInt(t.value,10))?r=1e3:~~r<200&&(r=200),s.height=r):\"link\"===t.message&&(r=new URL(s.getAttribute(\"src\")),n=new URL(t.value),c.test(n.protocol))&&n.host===r.host&&l.activeElement===s&&(d.top.location.href=t.value))}},d.addEventListener(\"message\",d.wp.receiveEmbedMessage,!1),l.addEventListener(\"DOMContentLoaded\",function(){for(var e,t,s=l.querySelectorAll(\"iframe.wp-embedded-content\"),r=0;r<s.length;r++)(t=(e=s[r]).getAttribute(\"data-secret\"))||(t=Math.random().toString(36).substring(2,12),e.src+=\"#?secret=\"+t,e.setAttribute(\"data-secret\",t)),e.contentWindow.postMessage({message:\"ready\",secret:t},\"*\")},!1)))}(window,document);\n\/\/# sourceURL=https:\/\/apeimeudon.fr\/Blog-APEI\/wp-includes\/js\/wp-embed.min.js\n\/* ]]> *\/\n<\/script>\n","thumbnail_url":"http:\/\/apeimeudon.fr\/Blog-APEI\/wp-content\/uploads\/2025\/06\/Miniature-Vosges.jpg","thumbnail_width":400,"thumbnail_height":250,"description":"Retour sur notre super s\u00e9jour dans les Vosges \u00e0 La Bresse du 13,14,15 juin dernier. D\u00e9part pour la montagne d\u00e8s le vendredi matin sous la chaleur. Apr\u00e8s un trajet sans encombre, nous nous sommes install\u00e9s dans la maison. Une partie du groupe est parti faire les courses et les autres ont pu se d\u00e9tendre et\/ou [&hellip;]"}

Equipe rédactionnelle Foyer des Lampes

Séjour dans les Vosges - La Gazette des Foyers de l&#039;APEI de Meudon

<blockquote class="wp-embedded-content" data-secret="Rr0ecXLeKi"><a href="https://apeimeudon.fr/Blog-APEI/sejour-dans-les-vosges/">Séjour dans les Vosges</a></blockquote><iframe sandbox="allow-scripts" security="restricted" src="https://apeimeudon.fr/Blog-APEI/sejour-dans-les-vosges/embed/#?secret=Rr0ecXLeKi" width="600" height="338" title="« Séjour dans les Vosges » &#8212; La Gazette des Foyers de l&#039;APEI de Meudon" data-secret="Rr0ecXLeKi" frameborder="0" marginwidth="0" marginheight="0" scrolling="no" class="wp-embedded-content"></iframe><script type="text/javascript">
/* <![CDATA[ */
/*! This file is auto-generated */
!function(d,l){"use strict";l.querySelector&&d.addEventListener&&"undefined"!=typeof URL&&(d.wp=d.wp||{},d.wp.receiveEmbedMessage||(d.wp.receiveEmbedMessage=function(e){var t=e.data;if((t||t.secret||t.message||t.value)&&!/[^a-zA-Z0-9]/.test(t.secret)){for(var s,r,n,a=l.querySelectorAll('iframe[data-secret="'+t.secret+'"]'),o=l.querySelectorAll('blockquote[data-secret="'+t.secret+'"]'),c=new RegExp("^https?:$","i"),i=0;i<o.length;i++)o[i].style.display="none";for(i=0;i<a.length;i++)s=a[i],e.source===s.contentWindow&&(s.removeAttribute("style"),"height"===t.message?(1e3<(r=parseInt(t.value,10))?r=1e3:~~r<200&&(r=200),s.height=r):"link"===t.message&&(r=new URL(s.getAttribute("src")),n=new URL(t.value),c.test(n.protocol))&&n.host===r.host&&l.activeElement===s&&(d.top.location.href=t.value))}},d.addEventListener("message",d.wp.receiveEmbedMessage,!1),l.addEventListener("DOMContentLoaded",function(){for(var e,t,s=l.querySelectorAll("iframe.wp-embedded-content"),r=0;r<s.length;r++)(t=(e=s[r]).getAttribute("data-secret"))||(t=Math.random().toString(36).substring(2,12),e.src+="#?secret="+t,e.setAttribute("data-secret",t)),e.contentWindow.postMessage({message:"ready",secret:t},"*")},!1)))}(window,document);
//# sourceURL=https://apeimeudon.fr/Blog-APEI/wp-includes/js/wp-embed.min.js
/* ]]> */
</script>

Retour sur notre super séjour dans les Vosges à La Bresse du 13,14,15 juin dernier. Départ pour la montagne dès le vendredi matin sous la chaleur. Après un trajet sans encombre, nous nous sommes installés dans la maison. Une partie du groupe est parti faire les courses et les autres ont pu se détendre et/ou [&hellip;]
